{"id":1384,"date":"2024-10-30T00:51:25","date_gmt":"2024-10-30T00:51:25","guid":{"rendered":"http:\/\/localhost:8888\/zlatarnakorzo\/?page_id=1384"},"modified":"2026-03-28T11:40:05","modified_gmt":"2026-03-28T11:40:05","slug":"zanimljivosti","status":"publish","type":"page","link":"https:\/\/zlatarnakorzo.ba\/?page_id=1384","title":{"rendered":"Zanimljivosti"},"content":{"rendered":"\t\t<div data-elementor-type=\"wp-page\" data-elementor-id=\"1384\" class=\"elementor elementor-1384\" data-elementor-post-type=\"page\">\n\t\t\t\t<div class=\"elementor-element elementor-element-8520acc e-flex e-con-boxed e-con e-parent\" data-id=\"8520acc\" data-element_type=\"container\" data-e-type=\"container\">\n\t\t\t\t\t<div class=\"e-con-inner\">\n\t\t\t\t<div class=\"elementor-element elementor-element-71ba031 elementor-widget elementor-widget-heading\" data-id=\"71ba031\" data-element_type=\"widget\" data-e-type=\"widget\" data-widget_type=\"heading.default\">\n\t\t\t\t<div class=\"elementor-widget-container\">\n\t\t\t\t\t<h2 class=\"elementor-heading-title elementor-size-default\">Zanimljivosti<\/h2>\t\t\t\t<\/div>\n\t\t\t\t<\/div>\n\t\t\t\t\t<\/div>\n\t\t\t\t<\/div>\n\t\t<div class=\"elementor-element elementor-element-c0a2108 e-flex e-con-boxed e-con e-parent\" data-id=\"c0a2108\" data-element_type=\"container\" data-e-type=\"container\">\n\t\t\t\t\t<div class=\"e-con-inner\">\n\t\t\t\t<div class=\"elementor-element elementor-element-2325392 elementor-grid-2 elementor-grid-tablet-2 elementor-grid-mobile-1 elementor-posts--thumbnail-top elementor-card-shadow-yes elementor-posts__hover-gradient elementor-widget elementor-widget-posts\" data-id=\"2325392\" data-element_type=\"widget\" data-e-type=\"widget\" data-settings=\"{&quot;cards_columns&quot;:&quot;2&quot;,&quot;cards_columns_tablet&quot;:&quot;2&quot;,&quot;cards_columns_mobile&quot;:&quot;1&quot;,&quot;cards_row_gap&quot;:{&quot;unit&quot;:&quot;px&quot;,&quot;size&quot;:35,&quot;sizes&quot;:[]},&quot;cards_row_gap_tablet&quot;:{&quot;unit&quot;:&quot;px&quot;,&quot;size&quot;:&quot;&quot;,&quot;sizes&quot;:[]},&quot;cards_row_gap_mobile&quot;:{&quot;unit&quot;:&quot;px&quot;,&quot;size&quot;:&quot;&quot;,&quot;sizes&quot;:[]}}\" data-widget_type=\"posts.cards\">\n\t\t\t\t<div class=\"elementor-widget-container\">\n\t\t\t\t\t\t\t<div class=\"elementor-posts-container elementor-posts elementor-posts--skin-cards elementor-grid\">\n\t\t\t\t<article class=\"elementor-post elementor-grid-item post-1420 post type-post status-publish format-standard has-post-thumbnail hentry category-blog tag-blog\">\n\t\t\t<div class=\"elementor-post__card\">\n\t\t\t\t<a class=\"elementor-post__thumbnail__link\" href=\"https:\/\/zlatarnakorzo.ba\/?p=1420\" tabindex=\"-1\" target=\"_blank\"><div class=\"elementor-post__thumbnail\"><img fetchpriority=\"high\" decoding=\"async\" width=\"1376\" height=\"768\" src=\"https:\/\/zlatarnakorzo.ba\/wp-content\/uploads\/2024\/10\/Slika_ne_treba_da_bude_ista_treba_mi_novi_dizajn_a_cb82dd1d96.webp\" class=\"attachment-full size-full wp-image-3942\" alt=\"Zlatni nakit prema horoskopskom znaku\" srcset=\"https:\/\/zlatarnakorzo.ba\/wp-content\/uploads\/2024\/10\/Slika_ne_treba_da_bude_ista_treba_mi_novi_dizajn_a_cb82dd1d96.webp 1376w, https:\/\/zlatarnakorzo.ba\/wp-content\/uploads\/2024\/10\/Slika_ne_treba_da_bude_ista_treba_mi_novi_dizajn_a_cb82dd1d96-300x167.webp 300w, https:\/\/zlatarnakorzo.ba\/wp-content\/uploads\/2024\/10\/Slika_ne_treba_da_bude_ista_treba_mi_novi_dizajn_a_cb82dd1d96-1024x572.webp 1024w, https:\/\/zlatarnakorzo.ba\/wp-content\/uploads\/2024\/10\/Slika_ne_treba_da_bude_ista_treba_mi_novi_dizajn_a_cb82dd1d96-768x429.webp 768w, https:\/\/zlatarnakorzo.ba\/wp-content\/uploads\/2024\/10\/Slika_ne_treba_da_bude_ista_treba_mi_novi_dizajn_a_cb82dd1d96-600x335.webp 600w\" sizes=\"(max-width: 1376px) 100vw, 1376px\" \/><\/div><\/a>\n\t\t\t\t<div class=\"elementor-post__text\">\n\t\t\t\t<h3 class=\"elementor-post__title\">\n\t\t\t<a href=\"https:\/\/zlatarnakorzo.ba\/?p=1420\" target=&quot;_blank&quot;>\n\t\t\t\tZlatni nakit &#8211; Izrazite svoj karakter prema horoskopu\t\t\t<\/a>\n\t\t<\/h3>\n\t\t\t\t<div class=\"elementor-post__excerpt\">\n\t\t\t<p>Zlatni nakit mo\u017ee biti savr\u0161en odraz va\u0161e li\u010dnosti, posebno kada se uskladi s va\u0161im horoskopskim znakom. Svaki znak nosi posebnu energiju i karakteristike, koje mo\u017eete dodatno istaknuti izborom pravog komada nakita. Od Lavovih smjelih ogrlica do suptilnih narukvica za Djevice, saznajte koji zlatni detalji najbolje odgovaraju va\u0161em znaku.<\/p>\n\t\t<\/div>\n\t\t\t\t\t<div class=\"elementor-post__read-more-wrapper\">\n\t\t\n\t\t<a class=\"elementor-post__read-more\" href=\"https:\/\/zlatarnakorzo.ba\/?p=1420\" aria-label=\"Read more about Zlatni nakit &#8211; Izrazite svoj karakter prema horoskopu\" tabindex=\"-1\" target=\"_blank\">\n\t\t\tPRO\u010cITAJ VI\u0160E\t\t<\/a>\n\n\t\t\t\t\t<\/div>\n\t\t\t\t<\/div>\n\t\t\t\t<div class=\"elementor-post__meta-data\">\n\t\t\t\t\t<span class=\"elementor-post-date\">\n\t\t\tOctober 30, 2024\t\t<\/span>\n\t\t\t\t<\/div>\n\t\t\t\t\t<\/div>\n\t\t<\/article>\n\t\t\t\t<article class=\"elementor-post elementor-grid-item post-1397 post type-post status-publish format-standard has-post-thumbnail hentry category-blog tag-blog\">\n\t\t\t<div class=\"elementor-post__card\">\n\t\t\t\t<a class=\"elementor-post__thumbnail__link\" href=\"https:\/\/zlatarnakorzo.ba\/?p=1397\" tabindex=\"-1\" target=\"_blank\"><div class=\"elementor-post__thumbnail\"><img decoding=\"async\" width=\"1376\" height=\"768\" src=\"https:\/\/zlatarnakorzo.ba\/wp-content\/uploads\/2024\/10\/Environment_like_picture_1_21db871829.jpeg\" class=\"attachment-full size-full wp-image-3435\" alt=\"Atlantijski porsten\" srcset=\"https:\/\/zlatarnakorzo.ba\/wp-content\/uploads\/2024\/10\/Environment_like_picture_1_21db871829.jpeg 1376w, https:\/\/zlatarnakorzo.ba\/wp-content\/uploads\/2024\/10\/Environment_like_picture_1_21db871829-300x167.jpeg 300w, https:\/\/zlatarnakorzo.ba\/wp-content\/uploads\/2024\/10\/Environment_like_picture_1_21db871829-1024x572.jpeg 1024w, https:\/\/zlatarnakorzo.ba\/wp-content\/uploads\/2024\/10\/Environment_like_picture_1_21db871829-768x429.jpeg 768w, https:\/\/zlatarnakorzo.ba\/wp-content\/uploads\/2024\/10\/Environment_like_picture_1_21db871829-600x335.jpeg 600w\" sizes=\"(max-width: 1376px) 100vw, 1376px\" \/><\/div><\/a>\n\t\t\t\t<div class=\"elementor-post__text\">\n\t\t\t\t<h3 class=\"elementor-post__title\">\n\t\t\t<a href=\"https:\/\/zlatarnakorzo.ba\/?p=1397\" target=&quot;_blank&quot;>\n\t\t\t\tAtlantidski prsten: Tajanstvena mo\u0107 i historija &#8211; Korzo\t\t\t<\/a>\n\t\t<\/h3>\n\t\t\t\t<div class=\"elementor-post__excerpt\">\n\t\t\t<p>Atlantijski prsten je mnogo vi\u0161e od obi\u010dnog nakita \u2013 vjeruje se da posjeduje za\u0161titne i balansiraju\u0107e mo\u0107i, koje poma\u017eu u pronala\u017eenju unutra\u0161nje ravnote\u017ee i ja\u010danju intuicije. Ovaj jedinstveni prsten, sa svojim simbolima inspirisanim drevnom Atlantidom, privla\u010di one koji tra\u017ee duhovnu povezanost i harmoniju.<\/p>\n\t\t<\/div>\n\t\t\t\t\t<div class=\"elementor-post__read-more-wrapper\">\n\t\t\n\t\t<a class=\"elementor-post__read-more\" href=\"https:\/\/zlatarnakorzo.ba\/?p=1397\" aria-label=\"Read more about Atlantidski prsten: Tajanstvena mo\u0107 i historija &#8211; Korzo\" tabindex=\"-1\" target=\"_blank\">\n\t\t\tPRO\u010cITAJ VI\u0160E\t\t<\/a>\n\n\t\t\t\t\t<\/div>\n\t\t\t\t<\/div>\n\t\t\t\t<div class=\"elementor-post__meta-data\">\n\t\t\t\t\t<span class=\"elementor-post-date\">\n\t\t\tOctober 30, 2024\t\t<\/span>\n\t\t\t\t<\/div>\n\t\t\t\t\t<\/div>\n\t\t<\/article>\n\t\t\t\t<\/div>\n\t\t\n\t\t\t\t\t\t<\/div>\n\t\t\t\t<\/div>\n\t\t\t\t\t<\/div>\n\t\t\t\t<\/div>\n\t\t<div class=\"elementor-element elementor-element-db18928 e-flex e-con-boxed e-con e-parent\" data-id=\"db18928\" data-element_type=\"container\" data-e-type=\"container\">\n\t\t\t\t\t<div class=\"e-con-inner\">\n\t\t\t\t<div class=\"elementor-element elementor-element-3ffb4b7 elementor-widget elementor-widget-global elementor-global-3764 elementor-widget-html\" data-id=\"3ffb4b7\" data-element_type=\"widget\" data-e-type=\"widget\" data-widget_type=\"html.default\">\n\t\t\t\t<div class=\"elementor-widget-container\">\n\t\t\t\t\t<div class=\"luxury-full-width-shimmer-compact\" id=\"locator-section-fix\">\n    <div class=\"full-gold-line-compact\"><\/div>\n    \n    <div class=\"content-wrap-compact\">\n        <h2 class=\"shimmer-gold-ultra-compact\" id=\"shimmer-gold-text\">LOKATOR TRGOVINE<\/h2>\n        <p class=\"premium-sub-ultra-compact\" id=\"shimmer-sub-text\">PRONA\u0110ITE NA\u0160A PRODAJNA MJESTA \u0160IROM BIH<\/p>\n    <\/div>\n\n    <div class=\"full-gold-line-compact bottom-compact\"><\/div>\n<\/div>\n\n<style>\n\/* 1. REPARIRANI SHIMMER EFEKAT *\/\n#locator-section-fix #shimmer-gold-text.shimmer-gold-ultra-compact {\n    font-family: 'Playfair Display', serif !important;\n    font-size: 3.5rem !important; \n    font-weight: 400 !important;\n    letter-spacing: 15px !important; \/* Smanjeno radi stabilnosti na manjim ekranima *\/\n    text-transform: uppercase !important;\n    margin: 0 !important;\n    padding: 10px 0 !important;\n    display: inline-block !important; \/* Promijenjeno u inline-block za bolji clip *\/\n    width: 100%;\n    \n    \/* GRADIENT KOJI SE POKRE\u0106E - POJA\u010cAN KONTRAST *\/\n    background: linear-gradient(\n        to right, \n        #a67c00 20%, \n        #d4b88d 40%, \n        #ffffff 50%, \n        #d4b88d 60%, \n        #a67c00 80%\n    ) !important;\n    background-size: 200% auto !important;\n    \n    \/* CLIP SEKCIJA *\/\n    -webkit-background-clip: text !important;\n    background-clip: text !important;\n    -webkit-text-fill-color: transparent !important;\n    color: transparent !important;\n    \n    \/* ANIMACIJA - Smanjeno na 3s za br\u017ei i uo\u010dljiviji \"odsjaj\" *\/\n    animation: luxuryShimmerMove 3s linear infinite !important;\n    \n    \/* Senka koja daje dubinu zlatu *\/\n    filter: drop-shadow(0px 2px 5px rgba(0,0,0,0.3)) !important;\n}\n\n\/* 2. PODNASLOV *\/\n#locator-section-fix #shimmer-sub-text.premium-sub-ultra-compact {\n    font-family: -apple-system, BlinkMacSystemFont, sans-serif !important;\n    color: #b8860b !important;\n    font-size: 0.8rem !important;\n    letter-spacing: 6px !important;\n    margin-top: 15px !important;\n    text-transform: uppercase !important;\n    font-weight: 600 !important;\n}\n\n\/* 3. KONTEJNER *\/\n.luxury-full-width-shimmer-compact {\n    background-color: #000000 !important;\n    width: 100vw; \n    position: relative;\n    left: 50%;\n    transform: translateX(-50%);\n    padding: 50px 0;\n    text-align: center;\n    overflow: hidden;\n}\n\n.full-gold-line-compact {\n    width: 100%;\n    height: 1px;\n    background: linear-gradient(to right, transparent, #b8860b, transparent) !important;\n}\n\n\/* NOVA DEFINICIJA ANIMACIJE - Preciznija kretanja pozadine *\/\n@keyframes luxuryShimmerMove {\n    0% { background-position: 200% center; }\n    100% { background-position: -200% center; }\n}\n\n\/* ODZIVNOST ZA MOBITEL *\/\n@media (max-width: 768px) {\n    #locator-section-fix #shimmer-gold-text.shimmer-gold-ultra-compact { \n        font-size: 1.6rem !important; \n        letter-spacing: 4px !important; \n        background-size: 300% auto !important; \/* \u0160ira pozadina na mobitelu za bolji efekat *\/\n    }\n    #locator-section-fix #shimmer-sub-text.premium-sub-ultra-compact {\n        font-size: 0.65rem !important;\n        letter-spacing: 3px !important;\n    }\n    .luxury-full-width-shimmer-compact { padding: 35px 0; }\n}\n<\/style>\t\t\t\t<\/div>\n\t\t\t\t<\/div>\n\t\t\t\t<div class=\"elementor-element elementor-element-a495136 elementor-widget elementor-widget-global elementor-global-3757 elementor-widget-html\" data-id=\"a495136\" data-element_type=\"widget\" data-e-type=\"widget\" data-widget_type=\"html.default\">\n\t\t\t\t<div class=\"elementor-widget-container\">\n\t\t\t\t\t <link rel=\"stylesheet\" href=\"https:\/\/cdnjs.cloudflare.com\/ajax\/libs\/font-awesome\/6.4.2\/css\/all.min.css\">\n\n\n<div style=\"width: 100vw !important; position: relative !important; left: 50% !important; right: 50% !important; margin-left: -50vw !important; margin-right: -50vw !important; box-sizing: border-box !important; font-family: 'Montserrat', sans-serif !important; overflow: hidden !important;\">\n\n\n    <div style=\"background: #ffffff !important; padding: 40px 15px !important; border-top: 2px solid #b8860b !important;\">\n\n        <div style=\"max-width: 1140px; margin: 0 auto;\">\n\n            <div id=\"korzo-okidac\" onclick=\"toggleTrgovine()\" style=\"background: #000000; color: #ffffff; padding: 22px; text-align: center; font-weight: 800; letter-spacing: 4px; cursor: pointer; text-transform: uppercase; font-family: 'Playfair Display', serif; box-shadow: 0 10px 20px rgba(0,0,0,0.2);\">\n\n                LOKACIJE NA\u0160IH TRGOVINA <span id=\"strelica\">\u25bc<\/span>\n\n            <\/div>\n\n\n            <div id=\"trgovine-lista\" class=\"trgovine-grid\">\n\n                <div class=\"trgovina-kartica\">\n\n                    <div class=\"zlatna-linija\"><\/div>\n\n                    <h3 class=\"naslov-trgovine\">ZLATARNA KORZO<\/h3>\n\n                    <div class=\"img-okvir\">\n\n                        <img decoding=\"async\" src=\"https:\/\/zlatarnakorzo.ba\/wp-content\/uploads\/2026\/03\/zlatarnakorzo-106.webp\">\n\n                    <\/div>\n\n                    <div class=\"info\">\n\n                        <p><span class=\"label-tamna\">ADRESA:<\/span> <strong class=\"vrijednost-tamna\">Turalibegova 22, Tuzla<\/strong><\/p>\n\n                        <p><span class=\"label-tamna\">TELEFON:<\/span> <strong class=\"vrijednost-tamna\">+387 61 996 800<\/strong><\/p>\n\n                    <\/div>\n\n                    <a href=\"https:\/\/maps.google.com\/?q=Zlatarna+Korzo+Tuzla\" target=\"_blank\" class=\"map-btn\">PRONA\u0110I NAS NA MAPI<\/a>\n\n                <\/div>\n\n                \n\n                <div class=\"trgovina-kartica\">\n\n                    <div class=\"zlatna-linija\"><\/div>\n\n                    <h3 class=\"naslov-trgovine\">ZLATARNA KORZO 2<\/h3>\n\n                    <div class=\"img-okvir\">\n\n                        <img decoding=\"async\" src=\"https:\/\/zlatarnakorzo.ba\/wp-content\/uploads\/2026\/03\/zlatarnakorzo-62.webp\">\n\n                    <\/div>\n\n                    <div class=\"info\">\n\n                        <p><span class=\"label-tamna\">ADRESA:<\/span> <strong class=\"vrijednost-tamna\">\u0110or\u0111a Mihajlovi\u0107a 4, Tuzla<\/strong><\/p>\n\n                        <p><span class=\"label-tamna\">TELEFON:<\/span> <strong class=\"vrijednost-tamna\">+387 35 258 090<\/strong><\/p>\n\n                    <\/div>\n\n                    <a href=\"https:\/\/maps.google.com\/?q=Zlatarna+Korzo+2+Tuzla\" target=\"_blank\" class=\"map-btn\">PRONA\u0110I NAS NA MAPI<\/a>\n\n                <\/div>\n\n\n                <div class=\"trgovina-kartica\">\n\n                    <div class=\"zlatna-linija\"><\/div>\n\n                    <h3 class=\"naslov-trgovine\">ZLATARNA OSMI\u0106<\/h3>\n\n                    <div class=\"img-okvir\">\n\n                        <img decoding=\"async\" src=\"https:\/\/zlatarnakorzo.ba\/wp-content\/uploads\/2024\/10\/Lukavac.jpg\">\n\n                    <\/div>\n\n                    <div class=\"info\">\n\n                        <p><span class=\"label-tamna\">ADRESA:<\/span> <strong class=\"vrijednost-tamna\">Branilaca Bosne bb, Lukavac<\/strong><\/p>\n\n                        <p><span class=\"label-tamna\">TELEFON:<\/span> <strong class=\"vrijednost-tamna\">+387 35 554 500<\/strong><\/p>\n\n                    <\/div>\n\n                    <a href=\"https:\/\/maps.google.com\/?q=Zlatarna+Osmi\u0107+Lukavac\" target=\"_blank\" class=\"map-btn\">PRONA\u0110I NAS NA MAPI<\/a>\n\n                <\/div>\n\n            <\/div>\n\n        <\/div>\n\n    <\/div>\n\n\n    <div style=\"background: #ffffff !important; padding: 40px 20px !important; border-top: 1px solid #f0f0f0 !important;\">\n\n        <div style=\"max-width: 1200px; margin: 0 auto; border: 2px solid #1a1a1a; padding: 30px; text-align: center;\">\n\n            <div style=\"display: flex; justify-content: center; gap: 40px; flex-wrap: wrap;\">\n\n                <a href=\"viber:\/\/chat?number=%2B38761996800\" class=\"kontakt-link\"><i class=\"fa-brands fa-viber\" style=\"color: #7360f2;\"><\/i> Viber: +387 61 996 800<\/a>\n\n                <a href=\"https:\/\/wa.me\/38761996800\" class=\"kontakt-link\"><i class=\"fa-brands fa-whatsapp\" style=\"color: #25d366;\"><\/i> WhatsApp: +387 61 996 800<\/a>\n\n                <a href=\"tel:+38735257042\" class=\"kontakt-link\"><i class=\"fa-solid fa-phone-alt\" style=\"color: #b8860b;\"><\/i> Fiksni: +387 35 257 042<\/a>\n\n            <\/div>\n\n        <\/div>\n\n    <\/div>\n\n\n    <div style=\"background: #fffcf5 !important; padding: 60px 20px !important; border-top: 1px solid #f9f0d9 !important;\">\n\n        <div class=\"footer-grid\">\n\n            <div class=\"footer-col\">\n\n                <img decoding=\"async\" src=\"https:\/\/zlatarnakorzo.ba\/wp-content\/uploads\/2024\/10\/favicon-96x96-removebg-preview.png\" style=\"height: 85px; margin-bottom: 25px;\">\n\n                <div style=\"display: flex; justify-content: center; gap: 20px;\">\n\n                    <a href=\"https:\/\/www.facebook.com\/zlatarnakorzotuzla\" target=\"_blank\" class=\"korzo-social-icon\"><i class=\"fa-brands fa-facebook-f\"><\/i><\/a>\n\n                    <a href=\"https:\/\/www.instagram.com\/zlatarnakorzo\/\" target=\"_blank\" class=\"korzo-social-icon\"><i class=\"fa-brands fa-instagram\"><\/i><\/a>\n\n                    <a href=\"https:\/\/www.tiktok.com\/@zlatarna.korzo.tuzla\" target=\"_blank\" class=\"korzo-social-icon\"><i class=\"fa-brands fa-tiktok\"><\/i><\/a>\n\n                <\/div>\n\n            <\/div>\n\n            \n\n            <div class=\"footer-col\">\n\n                <h4 class=\"footer-h4\">NAVIGACIJA<\/h4>\n\n                <a href=\"https:\/\/zlatarnakorzo.ba\/\" class=\"footer-nav-link\">PO\u010cETNA<\/a>\n\n                <a href=\"https:\/\/zlatarnakorzo.ba\/?page_id=72\" class=\"footer-nav-link\">POKLON VODI\u010c<\/a>\n\n                <a href=\"https:\/\/zlatarnakorzo.ba\/?page_id=76\" class=\"footer-nav-link\">O NAMA<\/a>\n\n                <a href=\"https:\/\/zlatarnakorzo.ba\/?page_id=1384\" class=\"footer-nav-link\">ZANIMLJIVOSTI<\/a>\n\n            <\/div>\n\n\n            <div class=\"footer-col\">\n\n                <h4 class=\"footer-h4\">LOKACIJA<\/h4>\n\n                <p class=\"lokacija-text\">Turalibegova 22, Tuzla<br>Bosna i Hercegovina<br>zlatarnakorzo@gmail.com<\/p>\n\n            <\/div>\n\n        <\/div>\n\n    <\/div>\n\n\n    <div style=\"background: #f5f0e6 !important; color: #000000 !important; padding: 35px 20px !important; text-align: center !important; font-size: 12px !important; border-top: 2px solid #dcd3bd !important;\">\n\n        <div class=\"copyright-flex\">\n\n            <p style=\"margin: 0 !important; letter-spacing: 1px !important; font-weight: 700 !important; color: #000000 !important;\">\n\n                \u00a9 2026 <span style=\"color: #8b6d00 !important; font-weight: 900 !important;\">ZLATARNA KORZO<\/span>. SVA PRAVA ZADR\u017dAVA.\n\n            <\/p>\n\n            <div style=\"display: flex !important; gap: 25px !important;\">\n\n                <a href=\"https:\/\/zlatarnakorzo.ba\/?page_id=3642\" class=\"legal-link-fix\">POLICA PRIVATNOSTI<\/a>\n\n                <a href=\"https:\/\/zlatarnakorzo.ba\/?page_id=3645\" class=\"legal-link-fix\">UVJETI KORI\u0160TENJA<\/a>\n\n            <\/div>\n\n        <\/div>\n\n    <\/div>\n\n<\/div>\n\n\n<style>\n\n\/* --- KOREKCIJA GRIDA I SLIKA --- *\/\n\n.trgovine-grid {\n\n    display: none; \n\n    grid-template-columns: repeat(3, 1fr); \n\n    gap: 30px; \n\n    padding: 40px 0;\n\n}\n\n\n.trgovina-kartica { \n\n    background: #fff; \n\n    padding: 30px 15px; \n\n    border: 1px solid #eee; \n\n    text-align: center; \n\n    position: relative; \n\n    display: flex;\n\n    flex-direction: column;\n\n    justify-content: space-between;\n\n}\n\n\n.img-okvir {\n\n    width: 100%;\n\n    height: 250px; \/* FIKSNA VISINA ZA SVE SLIKE *\/\n\n    overflow: hidden;\n\n    margin-bottom: 20px;\n\n}\n\n\n.img-okvir img {\n\n    width: 100%;\n\n    height: 100%;\n\n    object-fit: cover; \/* SPRE\u010cAVA RAZVLA\u010cENJE SLIKE *\/\n\n    transition: 0.5s;\n\n}\n\n\n.trgovina-kartica:hover img { transform: scale(1.05); }\n\n\n.zlatna-linija { position: absolute; top: 0; left: 0; width: 100%; height: 4px; background: #b8860b; transform: translateX(-100%); transition: 0.6s; }\n\n.trgovina-kartica:hover .zlatna-linija { transform: translateX(0); }\n\n\n.naslov-trgovine { color: #000000 !important; font-family: 'Playfair Display', serif !important; font-weight: 800 !important; margin-bottom: 15px !important; text-transform: uppercase; font-size: 18px; }\n\n.label-tamna { display: block; font-size: 11px; color: #8b6d00; font-weight: 900; text-transform: uppercase; margin-bottom: 3px; }\n\n.vrijednost-tamna { color: #000000 !important; font-weight: 800 !important; font-size: 15px; }\n\n\n.kontakt-link { text-decoration: none !important; color: #000000 !important; font-weight: 800 !important; font-size: 16px !important; display: flex; align-items: center; gap: 8px; }\n\n\n.footer-grid { max-width: 1200px; margin: 0 auto; display: flex; justify-content: space-between; flex-wrap: wrap; gap: 40px; }\n\n.footer-col { flex: 1; text-align: center; min-width: 250px; }\n\n\n.footer-h4 { font-family: 'Playfair Display', serif !important; color: #8b6d00 !important; margin-bottom: 25px; font-weight: 800 !important; letter-spacing: 2px !important; text-transform: uppercase; }\n\n.footer-nav-link { display: block !important; color: #000000 !important; text-decoration: none !important; font-size: 15px !important; font-weight: 700 !important; margin-bottom: 12px !important; transition: 0.3s; text-transform: uppercase; }\n\n.footer-nav-link:hover { color: #b8860b !important; }\n\n\n.lokacija-text { color: #000000 !important; font-size: 15px !important; line-height: 1.8 !important; font-weight: 700 !important; }\n\n.korzo-social-icon { color: #8b6d00 !important; font-size: 28px !important; transition: 0.3s; text-decoration: none !important; }\n\n.korzo-social-icon:hover { color: #000000 !important; transform: scale(1.1); }\n\n\n.copyright-flex { max-width: 1200px !important; margin: 0 auto !important; display: flex !important; justify-content: space-between !important; align-items: center !important; flex-wrap: wrap !important; gap: 15px !important; }\n\n.legal-link-fix { color: #000000 !important; text-decoration: underline !important; font-weight: 800 !important; font-size: 12px !important; text-transform: uppercase; }\n\n\n.map-btn { display: inline-block; background: #000000; color: #ffffff !important; padding: 12px 20px; text-decoration: none; font-size: 12px; font-weight: 800; margin-top: auto; text-transform: uppercase; }\n\n\n\/* --- MOBILNA VERZIJA --- *\/\n\n@media (max-width: 850px) { \n\n    .trgovine-grid { \n\n        grid-template-columns: 1fr; \/* JEDNA KARTICA PO REDU *\/\n\n        padding: 20px 0;\n\n    }\n\n    .footer-grid { flex-direction: column !important; gap: 40px !important; text-align: center !important; }\n\n    .copyright-flex { justify-content: center !important; flex-direction: column !important; text-align: center !important; }\n\n    .img-okvir { height: 200px; }\n\n}\n\n<\/style>\n\n\n<script>\n\nfunction toggleTrgovine() {\n\n    var x = document.getElementById(\"trgovine-lista\");\n\n    var s = document.getElementById(\"strelica\");\n\n    \/\/ Provjera trenutnog stanja\n\n    if (x.style.display === \"grid\") { \n\n        x.style.display = \"none\"; \n\n        s.innerHTML = \"\u25bc\"; \n\n    } else { \n\n        \/\/ Na mobitelu grid treba da se prilagodi, media query u CSS-u brine o kolonama\n\n        x.style.display = \"grid\"; \n\n        s.innerHTML = \"\u25b2\"; \n\n    }\n\n}\n\n<\/script> \t\t\t\t<\/div>\n\t\t\t\t<\/div>\n\t\t\t\t\t<\/div>\n\t\t\t\t<\/div>\n\t\t\t\t<\/div>\n\t\t","protected":false},"excerpt":{"rendered":"<p>Zanimljivosti LOKATOR TRGOVINE PRONA\u0110ITE NA\u0160A PRODAJNA MJESTA \u0160IROM BIH \u00a9 2026 ZLATARNA KORZO. SVA PRAVA ZADR\u017dAVA. POLICA PRIVATNOSTI UVJETI KORI\u0160TENJA<\/p>\n","protected":false},"author":1,"featured_media":3434,"parent":0,"menu_order":0,"comment_status":"closed","ping_status":"closed","template":"","meta":{"footnotes":""},"class_list":["post-1384","page","type-page","status-publish","has-post-thumbnail","hentry"],"aioseo_notices":[],"_links":{"self":[{"href":"https:\/\/zlatarnakorzo.ba\/index.php?rest_route=\/wp\/v2\/pages\/1384","targetHints":{"allow":["GET"]}}],"collection":[{"href":"https:\/\/zlatarnakorzo.ba\/index.php?rest_route=\/wp\/v2\/pages"}],"about":[{"href":"https:\/\/zlatarnakorzo.ba\/index.php?rest_route=\/wp\/v2\/types\/page"}],"author":[{"embeddable":true,"href":"https:\/\/zlatarnakorzo.ba\/index.php?rest_route=\/wp\/v2\/users\/1"}],"replies":[{"embeddable":true,"href":"https:\/\/zlatarnakorzo.ba\/index.php?rest_route=%2Fwp%2Fv2%2Fcomments&post=1384"}],"version-history":[{"count":61,"href":"https:\/\/zlatarnakorzo.ba\/index.php?rest_route=\/wp\/v2\/pages\/1384\/revisions"}],"predecessor-version":[{"id":4104,"href":"https:\/\/zlatarnakorzo.ba\/index.php?rest_route=\/wp\/v2\/pages\/1384\/revisions\/4104"}],"wp:featuredmedia":[{"embeddable":true,"href":"https:\/\/zlatarnakorzo.ba\/index.php?rest_route=\/wp\/v2\/media\/3434"}],"wp:attachment":[{"href":"https:\/\/zlatarnakorzo.ba\/index.php?rest_route=%2Fwp%2Fv2%2Fmedia&parent=1384"}],"curies":[{"name":"wp","href":"https:\/\/api.w.org\/{rel}","templated":true}]}}