{"id":3642,"date":"2026-03-14T01:32:39","date_gmt":"2026-03-14T01:32:39","guid":{"rendered":"https:\/\/zlatarnakorzo.ba\/?page_id=3642"},"modified":"2026-03-14T15:03:51","modified_gmt":"2026-03-14T15:03:51","slug":"polica-privatnosti","status":"publish","type":"page","link":"https:\/\/zlatarnakorzo.ba\/?page_id=3642","title":{"rendered":"Polica privatnosti"},"content":{"rendered":"\n<p><strong>POLICA PRIVATNOSTI ZA ZLATARNA KORZO<\/strong><\/p>\n\n\n\n<p>Va\u0161a privatnost nam je izuzetno va\u017ena. Ova polica obja\u0161njava koje podatke prikupljamo i kako ih koristimo.<\/p>\n\n\n\n<p><strong>1. Prikupljanje podataka:<\/strong> Prikupljamo podatke koje dobijemo putem kontakt formi (ime, email, broj telefona) isklju\u010divo u svrhu odgovaranja na Va\u0161e upite.<\/p>\n\n\n\n<p><strong>2. Kola\u010di\u0107i (Cookies):<\/strong> Na\u0161a stranica koristi kola\u010di\u0107e kako bi pobolj\u0161ala Va\u0161e korisni\u010dko iskustvo i analizirala posje\u0107enost putem Google Analytics-a. <\/p>\n\n\n\n<p><strong>3. Dijeljenje podataka:<\/strong> Zlatarna Korzo nikada ne\u0107e prodavati ili dijeliti Va\u0161e privatne podatke tre\u0107im stranama, osim ako  to nije zakonski obavezno.<\/p>\n\n\n\n<p><strong>4. Va\u0161a prava:<\/strong> U svakom trenutku mo\u017eete zatra\u017eiti uvid u svoje podatke ili tra\u017eiti njihovo brisanje slanjem upita na zlatarnakorzo@gmail.com<\/p>\n\n\n\n<p><\/p>\n\n\n\n<p><\/p>\n","protected":false},"excerpt":{"rendered":"<p>POLICA PRIVATNOSTI ZA ZLATARNA KORZO Va\u0161a privatnost nam je izuzetno va\u017ena. Ova polica obja\u0161njava koje podatke prikupljamo i kako ih koristimo. 1. Prikupljanje podataka: Prikupljamo podatke koje dobijemo putem kontakt formi (ime, email, broj telefona) isklju\u010divo u svrhu odgovaranja na Va\u0161e upite. 2. Kola\u010di\u0107i (Cookies): Na\u0161a stranica koristi kola\u010di\u0107e kako bi pobolj\u0161ala Va\u0161e korisni\u010dko iskustvo [&hellip;]<\/p>\n","protected":false},"author":1,"featured_media":0,"parent":0,"menu_order":0,"comment_status":"closed","ping_status":"closed","template":"","meta":{"footnotes":""},"class_list":["post-3642","page","type-page","status-publish","hentry"],"aioseo_notices":[],"_links":{"self":[{"href":"https:\/\/zlatarnakorzo.ba\/index.php?rest_route=\/wp\/v2\/pages\/3642","targetHints":{"allow":["GET"]}}],"collection":[{"href":"https:\/\/zlatarnakorzo.ba\/index.php?rest_route=\/wp\/v2\/pages"}],"about":[{"href":"https:\/\/zlatarnakorzo.ba\/index.php?rest_route=\/wp\/v2\/types\/page"}],"author":[{"embeddable":true,"href":"https:\/\/zlatarnakorzo.ba\/index.php?rest_route=\/wp\/v2\/users\/1"}],"replies":[{"embeddable":true,"href":"https:\/\/zlatarnakorzo.ba\/index.php?rest_route=%2Fwp%2Fv2%2Fcomments&post=3642"}],"version-history":[{"count":3,"href":"https:\/\/zlatarnakorzo.ba\/index.php?rest_route=\/wp\/v2\/pages\/3642\/revisions"}],"predecessor-version":[{"id":3746,"href":"https:\/\/zlatarnakorzo.ba\/index.php?rest_route=\/wp\/v2\/pages\/3642\/revisions\/3746"}],"wp:attachment":[{"href":"https:\/\/zlatarnakorzo.ba\/index.php?rest_route=%2Fwp%2Fv2%2Fmedia&parent=3642"}],"curies":[{"name":"wp","href":"https:\/\/api.w.org\/{rel}","templated":true}]}}