{"id":3645,"date":"2026-03-14T01:35:05","date_gmt":"2026-03-14T01:35:05","guid":{"rendered":"https:\/\/zlatarnakorzo.ba\/?page_id=3645"},"modified":"2026-03-15T00:36:12","modified_gmt":"2026-03-15T00:36:12","slug":"uvjeti-koristenja","status":"publish","type":"page","link":"https:\/\/zlatarnakorzo.ba\/?page_id=3645","title":{"rendered":"Uvjeti kori\u0161tenja"},"content":{"rendered":"\n<p><strong>UVJETI KORI\u0160TENJA STRANICE ZLATARNA KORZO<\/strong><\/p>\n\n\n\n<p>Pristupanjem ovoj web stranici prihvatate sljede\u0107e uvjete:<\/p>\n\n\n\n<p><strong>1. Intelektualno vlasni\u0161tvo:<\/strong> Sav sadr\u017eaj na stranici (tekstovi, fotografije nakita, logotip) vlasni\u0161tvo je Zlatarne Korzo. Zabranjeno je kopiranje i neovla\u0161teno kori\u0161tenje bez pismene dozvole. <\/p>\n\n\n\n<p><strong>2. Ta\u010dnost informacija:<\/strong> Trudimo se da opisi i cijene proizvoda budu ta\u010dni, ali zadr\u017eavamo pravo na reventualne tehni\u010dke pogre\u0161ke. Za potvrdu cijene i dostupnosti, molimo kontaktirajte nas direktno radi relevantnosti podataka.<\/p>\n\n\n\n<p> <strong>3. Izmjene:<\/strong> Zlatarna Korzo zadr\u017eava pravo izmjene sadr\u017eaja stranice i ovih uvjeta u bilo kojem trenutku bez prethodne najave.<\/p>\n","protected":false},"excerpt":{"rendered":"<p>UVJETI KORI\u0160TENJA STRANICE ZLATARNA KORZO Pristupanjem ovoj web stranici prihvatate sljede\u0107e uvjete: 1. Intelektualno vlasni\u0161tvo: Sav sadr\u017eaj na stranici (tekstovi, fotografije nakita, logotip) vlasni\u0161tvo je Zlatarne Korzo. Zabranjeno je kopiranje i neovla\u0161teno kori\u0161tenje bez pismene dozvole. 2. Ta\u010dnost informacija: Trudimo se da opisi i cijene proizvoda budu ta\u010dni, ali zadr\u017eavamo pravo na reventualne tehni\u010dke pogre\u0161ke. [&hellip;]<\/p>\n","protected":false},"author":1,"featured_media":0,"parent":0,"menu_order":0,"comment_status":"closed","ping_status":"closed","template":"","meta":{"footnotes":""},"class_list":["post-3645","page","type-page","status-publish","hentry"],"aioseo_notices":[],"_links":{"self":[{"href":"https:\/\/zlatarnakorzo.ba\/index.php?rest_route=\/wp\/v2\/pages\/3645","targetHints":{"allow":["GET"]}}],"collection":[{"href":"https:\/\/zlatarnakorzo.ba\/index.php?rest_route=\/wp\/v2\/pages"}],"about":[{"href":"https:\/\/zlatarnakorzo.ba\/index.php?rest_route=\/wp\/v2\/types\/page"}],"author":[{"embeddable":true,"href":"https:\/\/zlatarnakorzo.ba\/index.php?rest_route=\/wp\/v2\/users\/1"}],"replies":[{"embeddable":true,"href":"https:\/\/zlatarnakorzo.ba\/index.php?rest_route=%2Fwp%2Fv2%2Fcomments&post=3645"}],"version-history":[{"count":4,"href":"https:\/\/zlatarnakorzo.ba\/index.php?rest_route=\/wp\/v2\/pages\/3645\/revisions"}],"predecessor-version":[{"id":3749,"href":"https:\/\/zlatarnakorzo.ba\/index.php?rest_route=\/wp\/v2\/pages\/3645\/revisions\/3749"}],"wp:attachment":[{"href":"https:\/\/zlatarnakorzo.ba\/index.php?rest_route=%2Fwp%2Fv2%2Fmedia&parent=3645"}],"curies":[{"name":"wp","href":"https:\/\/api.w.org\/{rel}","templated":true}]}}